1
Calculate the remainder when 16243 is divided by 129.
118
What is the remainder when 3567 is divided by 675?
192
What is the remainder when 5402 is divided by 233?
43
What is the remainder when 3283 is divided by 2873?
410
Calculate the remainder when 99506 is divided by 21.
8
Calculate the remainder when 18942 is divided by 656.
574
Calculate the remainder when 1060602 is divided by 768.
762
Calculate the remainder when 88182 is divided by 8.
6
Calculate the remainder when 67079 is divided by 7444.
83
What is the remainder when 1528 is divided by 22?
10
Calculate the remainder when 2468 is divided by 802.
62
What is the remainder when 179735 is divided by 159?
65
Calculate the remainder when 8346 is divided by 8326.
20
Calculate the remainder when 10516 is divided by 2000.
516
What is the remainder when 753604 is divided by 247?
7
What is the remainder when 97568 is divided by 48784?
0
What is the remainder when 116152 is divided by 81?
79
Calculate the remainder when 69348 is divided by 977.
958
Calculate the remainder when 485771 is divided by 781.
770
Calculate the remainder when 1558 is divided by 74.
4
Calculate the remainder when 5215 is divided by 47.
45
Calculate the remainder when 2103 is divided by 242.
167
Calculate the remainder when 76274 is divided by 10896.
2
What is the remainder when 1494 is divided by 31?
6
Calculate the remainder when 16441 is divided by 23.
19
What is the remainder when 226729 is divided by 549?
541
What is the remainder when 176813 is divided by 88356?
101
Calculate the remainder when 9195 is divided by 214.
207
Calculate the remainder when 2180 is divided by 540.
20
Calculate the remainder when 25475 is divided by 4226.
119
What is the remainder when 871 is divided by 402?
67
Calculate the remainder when 300080 is divided by 27.
2
Calculate the remainder when 101783 is divided by 26.
19
What is the remainder when 7738 is divided by 3724?
290
What is the remainder when 13083 is divided by 66?
15
What is the remainder when 31376 is divided by 7844?
0
Calculate the remainder when 2779 is divided by 636.
235
Calculate the remainder when 43179 is divided by 68.
67
What is the remainder when 2926 is divided by 2913?
13
Calculate the remainder when 141300 is divided by 28257.
15
What is the remainder when 13469 is divided by 2680?
69
Calculate the remainder when 13459 is divided by 21.
19
Calculate the remainder when 63134 is divided by 41.
35
Calculate the remainder when 174759 is divided by 73.
70
What is the remainder when 8015 is divided by 151?
12
What is the remainder when 510753 is divided by 124?
121
Calculate the remainder when 5916 is divided by 22.
20
What is the remainder when 329656 is divided by 96?
88
Calculate the remainder when 70646 is divided by 45.
41
What is the remainder when 25724 is divided by 26?
10
What is the remainder when 9410 is divided by 121?
93
Calculate the remainder when 175685 is divided by 22.
15
Calculate the remainder when 957060 is divided by 123.
120
What is the remainder when 257128 is divided by 389?
388
What is the remainder when 41808 is divided by 94?
72
What is the remainder when 115769 is divided by 22?
5
What is the remainder when 17631 is divided by 46?
13
What is the remainder when 27876 is divided by 569?
564
What is the remainder when 40608 is divided by 1015?
8
What is the remainder when 76469 is divided by 53?
43
What is the remainder when 3303 is divided by 43?
35
What is the remainder when 313 is divided by 285?
28
Calculate the remainder when 133405 is divided by 14.
13
Calculate the remainder when 24616 is divided by 326.
166
What is the remainder when 7519 is divided by 1872?
31
What is the remainder when 99476 is divided by 14?
6
Calculate the remainder when 48248 is divided by 25.
23
Calculate the remainder when 13580 is divided by 316.
308
What is the remainder when 10376 is divided by 1701?
170
Calculate the remainder when 11363 is divided by 3372.
1247
Calculate the remainder when 32071 is divided by 158.
155
What is the remainder when 188552 is divided by 3626?
0
Calculate the remainder when 11654 is divided by 145.
54
Calculate the remainder when 31530 is divided by 7866.
66
What is the remainder when 563172 is divided by 46?
40
Calculate the remainder when 95795 is divided by 49.
0
What is the remainder when 5876 is divided by 420?
416
Calculate the remainder when 20410 is divided by 17.
10
Calculate the remainder when 7633 is divided by 39.
28
Calculate the remainder when 11837 is divided by 3898.
143
Calculate the remainder when 2220772 is divided by 718.
716
What is the remainder when 712136 is divided by 996?
992
Calculate the remainder when 348 is divided by 188.
160
What is the remainder when 16414 is divided by 5462?
28
Calculate the remainder when 5247 is divided by 103.
97
What is the remainder when 3373 is divided by 159?
34
What is the remainder when 28720 is divided by 503?
49
What is the remainder when 162 is divided by 116?
46
What is the remainder when 6742 is divided by 304?
54
What is the remainder when 487795 is divided by 60972?
19
What is the remainder when 11139 is divided by 11123?
16
What is the remainder when 75507 is divided by 348?
339
What is the remainder when 728 is divided by 354?
20
Calculate the remainder when 44972 is divided by 16.
12
Calculate the remainder when 165310 is divided by 63.
61
Calculate the remainder when 2871 is divided by 217.
50
What is the remainder when 1861 is divided by 1861?
0
What is the remainder when 4096 is divided by 2043?
10
Calculate the remainder when 3308 is divided by 471.
11
What is the remainder when 5189600 is divided by 19?
16
Calculate the remainder when 10694 is divided by 5273.
148
Calculate the remainder when 44540 is divided by 59.
54
What is the remainder when 14555 is divided by 188?
79
Calculate the remainder when 156458 is divided by 52152.
2
What is the remainder when 227290 is divided by 564?
562
What is the remainder when 236799 is divided by 40?
39
What is the remainder when 87630 is divided by 257?
250
Calculate the remainder when 2106703 is divided by 102.
97
Calculate the remainder when 143004 is divided by 5.
4
What is the remainder when 305426 is divided by 28?
2
Calculate the remainder when 2255 is divided by 541.
91
Calculate the remainder when 3672 is divided by 237.
117
Calculate the remainder when 5073 is divided by 1264.
17
What is the remainder when 296538 is divided by 476?
466
Calculate the remainder when 1160 is divided by 175.
110
What is the remainder when 148767 is divided by 145?
142
What is the remainder when 16998 is divided by 436?
430
Calculate the remainder when 5127 is divided by 201.
102
What is the remainder when 12334 is divided by 474?
10
Calculate the remainder when 42916 is divided by 332.
88
Calculate the remainder when 3010 is divided by 90.
40
What is the remainder when 148342 is divided by 258?
250
Calculate the remainder when 42 is divided by 22.
20
Calculate the remainder when 35030 is divided by 4.
2
What is the remainder when 52539 is divided by 109?
1
What is the remainder when 10368 is divided by 226?
198
What is the remainder when 177448 is divided by 74?
70
What is the remainder when 925 is divided by 612?
313
Calculate the remainder when 13052 is divided by 1087.
8
Calculate the remainder when 398032 is divided by 729.
727
What is the remainder when 149352 is divided by 355?
252
Calculate the remainder when 86895 is divided by 100.
95
Calculate the remainder when 59541 is divided by 19841.
18
What is the remainder when 690769 is divided by 15?
4
Calculate the remainder when 246082 is divided by 82018.
28
Calculate the remainder when 340757 is divided by 1167.
1160
What is the remainder when 68917 is divided by 2547?
148
What is the remainder when 9982 is divided by 24?
22
Calculate the remainder when 20060 is divided by 18.
8
What is the remainder when 6330 is divided by 1240?
130
Calculate the remainder when 9837 is divided by 143.
113
Calculate the remainder when 48879 is divided by 376.
375
Calculate the remainder when 6607117 is divided by 1040.
1037
Calculate the remainder when 1779 is divided by 407.
151
What is the remainder when 48238 is divided by 4357?
311
What is the remainder when 13038466 is divided 